Is 2609 composite?
False
Is 351913 composite?
False
Is 4822 composite?
True
Is 72083 a composite number?
True
Is 4201 composite?
False
Is 469 a prime number?
False
Is 241855 prime?
False
Is 38483 prime?
False
Is 765127 a prime number?
False
Is 11237 a composite number?
True
Is 16207 a prime number?
False
Is 322169 a prime number?
True
Is 11969 prime?
True
Is 80903 a composite number?
True
Is 436637 prime?
False
Is 739 composite?
False
Is 712159 a prime number?
False
Is 175493 a prime number?
True
Is 25229 prime?
True
Is 30399 a composite number?
True
Is 19519 a prime number?
False
Is 1072195 prime?
False
Is 28643 a prime number?
True
Is 3643 a composite number?
False
Is 105911 prime?
False
Is 512977 composite?
False
Is 413 prime?
False
Is 149761 composite?
True
Is 13289 prime?
False
Is 22094 prime?
False
Is 10961 a prime number?
False
Is 149693 composite?
True
Is 350753 a prime number?
False
Is 23719 composite?
False
Is 343681 a prime number?
False
Is 2111713 a prime number?
True
Is 62597 a prime number?
True
Is 60338 composite?
True
Is 947 prime?
True
Is 7063 prime?
False
Is 1457 composite?
True
Is 508881 composite?
True
Is 4087 prime?
False
Is 164969 a prime number?
False
Is 4441 composite?
False
Is 199483 a composite number?
False
Is 143873 composite?
False
Is 625231 prime?
True
Is 88159 prime?
False
Is 331819 a composite number?
False
Is 119227 composite?
False
Is 2150597 a prime number?
True
Is 21863 composite?
False
Is 29863 prime?
True
Is 2019707 composite?
False
Is 43697 composite?
True
Is 6953 prime?
False
Is 89681 a prime number?
True
Is 617387 a prime number?
True
Is 86763 a prime number?
False
Is 223237 a prime number?
False
Is 21467 prime?
True
Is 955457 composite?
False
Is 31531 prime?
True
Is 6953 a prime number?
False
Is 227293 composite?
True
Is 19181 a composite number?
False
Is 1444037 a composite number?
True
Is 33503 prime?
True
Is 11897 composite?
False
Is 1161521 composite?
False
Is 76561 a composite number?
False
Is 8923 a composite number?
False
Is 90466 a prime number?
False
Is 3554 composite?
True
Is 335593 a composite number?
True
Is 127 a composite number?
False
Is 35759 composite?
False
Is 3149 composite?
True
Is 16603 a prime number?
True
Is 239707 a composite number?
True
Is 31 composite?
False
Is 46261 a composite number?
False
Is 1637407 a composite number?
False
Is 1304339 a prime number?
False
Is 23227 a composite number?
False
Is 16127 a composite number?
False
Is 9019 a prime number?
False
Is 43138 a prime number?
False
Is 486627 a prime number?
False
Is 515855 prime?
False
Is 1941367 a prime number?
True
Is 18229 composite?
False
Is 1657 prime?
True
Is 391639 composite?
False
Is 82639 prime?
False
Is 21961 a prime number?
True
Is 345181 a prime number?
True
Is 16921 a composite number?
False
Is 281509 a prime number?
True
Is 22439 a prime number?
False
Is 128561 a composite number?
True
Is 298663 a composite number?
True
Is 35243 a prime number?
False
Is 50207 a prime number?
True
Is 1657 prime?
True
Is 486163 prime?
True
Is 9326 composite?
True
Is 133394 a prime number?
False
Is 20777 a prime number?
False
Is 88351 a prime number?
False
Is 206989 prime?
False
Is 831529 composite?
False
Is 170087 composite?
True
Is 9371 prime?
True
Is 404371 a prime number?
False
Is 38693 composite?
False
Is 523987 a composite number?
False
Is 1425457 a composite number?
True
Is 7661 composite?
True
Is 24441 composite?
True
Is 27509 a prime number?
True
Is 31007 prime?
False
Is 19693 a prime number?
False
Is 1511 a composite number?
False
Is 347099 composite?
False
Is 530479 prime?
False
Is 18091 a composite number?
True
Is 3099667 prime?
True
Is 17891 composite?
False
Is 43637 a prime number?
False
Is 16771 composite?
True
Is 116423 composite?
False
Is 127951 a prime number?
True
Is 673 composite?
False
Is 11366 prime?
False
Is 39265 composite?
True
Is 8263 prime?
True
Is 46149 prime?
False
Is 378827 prime?
False
Is 562838 composite?
True
Is 648355 a prime number?
False
Is 79 a composite number?
False
Is 30029 a prime number?
True
Is 1501 prime?
False
Is 824105 composite?
True
Is 29833 composite?
False
Is 11651 prime?
False
Is 99041 a prime number?
True
Is 137329 prime?
False
Is 36433 a composite number?
False
Is 41585 a composite number?
True
Is 127807 a composite number?
False
Is 1949 a composite number?
False
Is 486919 a composite number?
True
Is 129263 composite?
False
Is 301251 a composite number?
True
Is 152981 composite?
False
Is 277423 composite?
True
Is 81049 composite?
False
Is 119037 composite?
True
Is 434179 prime?
True
Is 222107 prime?
True
Is 216317 prime?
True
Is 1037242 prime?
False
Is 28343 a composite number?
True
Is 10637 a composite number?
True
Is 68863 a composite number?
False
Is 339 composite?
True
Is 132407 prime?
False
Is 37833 composite?
True
Is 551 composite?
True
Is 3109 composite?
False
Is 78977 prime?
True
Is 3190751 a prime number?
True
Is 10639 composite?
False
Is 2939 composite?
False
Is 362281 prime?
True
Is 15107 a composite number?
False
Is 22931 a composite number?
True
Is 13346 a composite number?
True
Is 570253 a prime number?
True
Is 396769 a prime number?
False
Is 63361 prime?
True
Is 11089 a prime number?
False
Is 250571 composite?
True
Is 175529 a prime number?
False
Is 1712617 a composite number?
False
Is 112163 composite?
False
Is 350087 prime?
True
Is 102605 prime?
False
Is 28319 composite?
False
Is 145349 a composite number?
False
Is 843091 a prime number?
True
Is 158029 a composite number?
False
Is 223739 composite?
True
Is 82529 a prime number?
True
Is 65359 prime?
False
Is 63383 a composite number?
True
Is 541 a prime number?
True
Is 2433 a prime number?
False
Is 31379 a prime number?
True
Is 25391 a prime number?
True
Is 358805 a prime number?
False
Is 3551 prime?
False
Is 857887 a composite number?
True
Is 373 prime?
True
Is 2722 a composite number?
True
Is 54647 prime?
True
Is 106909 prime?
False
Is 14779 prime?
True
Is 875638 prime?
False
Is 120473 composite?
False
Is 151583 a prime number?
False
Is 2329 composite?
True
Is 45763 composite?
False
Is 53311 composite?
True
Is 610267 prime?
False
Is 5711 a composite number?
False
Is 66169 a prime number?
True
Is 779477 a composite number?
False
Is 38431 a prime number?
True
Is 2623 a prime number?
False
Is 557611 prime?
True
Is 62641 prime?
False
Is 120539 a composite number?
False
Is 79757 prime?
True
Is 136639 a composite number?
True
Is 48419 composite?
True
Is 5161 a composite number?
True
Is 74257 prime?
True
Is 5381 prime?
True
Is 149827 composite?
False
Is 119 a prime number?
False
Is 26963 a prime number?
False
Is 20593 composite?
False
Is 81071 composite?
False
Is 31177 a prime number?
True
Is 10873 composite?
True
Is 377 a prime number?
False
Is 146581 prime?
True
Is 18901 a composite number?
True
Is 73913 a composite number?
True
Is 102779 a prime number?
False
Is 905083 prime?
True
Is 82129 prime?
True
Is 46261 composite?
False
Is 142297 a prime number?
True
Is 351347 a composite number?
False
Is 3016583 composite?
False
Is 290419 a composite number?
False
Is 165302 composite?
True
Is 183569 prime?
True
Is 398609 composite?
False
Is 67547 a prime number?
True
Is 46399 a prime number?
True
Is 697 a composite number?
True
Is 1495421 a composite number?
False
Is 212035 prime?
False
Is 577 a prime number?
True
Is 2384047 prime?
True
Is 52361 a prime number?
True
Is 40423 composite?
False
Is 29647 composite?
True
Is 172803 a prime number?
False
Is 211 a composite number?
False
Is 53 composite?
False
Is 294241 a prime number?
True
Is 912337 a prime number?
True
Is 15501 prime?
False
Is 21631 prime?
False
Is 2574289 prime?
True
Is 6658 a prime number?
False
Is 15397 prime?
False
Is 1277 a prime number?
True
Is 2129 a composite number?
False
Is 124561 a composite number?
False
Is 99226 a composite number?
True
Is 153407 prime?
True
Is 20407 prime?
True
Is 367687 prime?
True
Is 70715 prime?
False
Is 1669 composite?
False
Is 69109 a composite number?
False
Is 24733 a composite number?
False
Is 2928745 a prime number?
False
Is 11233 prime?
False
Is 154942 composite?
True
Is 506299 a composite number?
True
Is 38321 composite?
False
Is 229426 composite?
True
Is 30179 composite?
True
Is 1444549 prime?
False
Is 174703 